[INFO] cloning repository https://github.com/fluxprotocol/oracle-monorepo
[INFO] running `Command { std: "git" "-c" "credential.helper=" "-c" "credential.helper=/workspace/cargo-home/bin/git-credential-null" "clone" "--bare" "https://github.com/fluxprotocol/oracle-monorepo" "/workspace/cache/git-repos/https%3A%2F%2Fgithub.com%2Ffluxprotocol%2Foracle-monorepo", kill_on_drop: false }`
[INFO] [stderr] Cloning into bare repository '/workspace/cache/git-repos/https%3A%2F%2Fgithub.com%2Ffluxprotocol%2Foracle-monorepo'...
[INFO] running `Command { std: "git" "rev-parse" "HEAD", kill_on_drop: false }`
[INFO] [stdout] a7e6f8ff75803c46087a74cc7978b3a906cedd13
[INFO] building fluxprotocol/oracle-monorepo against master#881c1ac408d93bb7adaa3a51dabab9266e82eee8 for issue-85264
[INFO] running `Command { std: "git" "clone" "/workspace/cache/git-repos/https%3A%2F%2Fgithub.com%2Ffluxprotocol%2Foracle-monorepo" "/workspace/builds/worker-3/source", kill_on_drop: false }`
[INFO] [stderr] Cloning into '/workspace/builds/worker-3/source'...
[INFO] [stderr] done.
[INFO] validating manifest of git repo https://github.com/fluxprotocol/oracle-monorepo on toolchain 881c1ac408d93bb7adaa3a51dabab9266e82eee8
[INFO] running `Command { std: "/workspace/cargo-home/bin/cargo" "+881c1ac408d93bb7adaa3a51dabab9266e82eee8" "metadata" "--manifest-path" "Cargo.toml" "--no-deps", kill_on_drop: false }`
[INFO] removed /workspace/builds/worker-3/source/rust-toolchain
[INFO] started tweaking git repo https://github.com/fluxprotocol/oracle-monorepo
[INFO] finished tweaking git repo https://github.com/fluxprotocol/oracle-monorepo
[INFO] tweaked toml for git repo https://github.com/fluxprotocol/oracle-monorepo written to /workspace/builds/worker-3/source/Cargo.toml
[INFO] crate git repo https://github.com/fluxprotocol/oracle-monorepo already has a lockfile, it will not be regenerated
[INFO] running `Command { std: "/workspace/cargo-home/bin/cargo" "+881c1ac408d93bb7adaa3a51dabab9266e82eee8" "fetch" "--manifest-path" "Cargo.toml", kill_on_drop: false }`
[INFO] [stderr]     Updating git repository `https://github.com/near/near-sdk-rs.git`
[INFO] [stderr]     Updating git repository `https://github.com/near/near-sdk-rs.git`
[INFO] [stderr]     Updating git repository `https://github.com/near/nearcore.git`
[INFO] [stderr]     Blocking waiting for file lock on package cache
[INFO] [stderr]  Downloading crates ...
[INFO] [stderr]   Downloaded elastic-array v0.11.0
[INFO] [stderr]   Downloaded borsh-derive v0.8.2
[INFO] [stderr]   Downloaded dynasmrt v1.0.1
[INFO] [stderr]   Downloaded borsh-schema-derive-internal v0.8.2
[INFO] [stderr]   Downloaded smart-default v0.6.0
[INFO] [stderr]   Downloaded wasmer-singlepass-backend-near v0.17.1
[INFO] [stderr]   Downloaded pwasm-utils v0.12.0
[INFO] [stderr]   Downloaded wasmer-runtime-near v0.17.1
[INFO] [stderr]   Downloaded easy-ext v0.2.6
[INFO] [stderr]   Downloaded c2-chacha v0.3.0
[INFO] [stderr]   Downloaded protobuf v2.22.1
[INFO] [stderr]   Downloaded parity-secp256k1 v0.7.0
[INFO] [stderr]   Downloaded serde-bench v0.0.7
[INFO] [stderr]   Downloaded wasmparser v0.51.4
[INFO] [stderr]   Downloaded near-vm-logic v3.0.0
[INFO] [stderr]   Downloaded near-primitives-core v0.1.0
[INFO] [stderr]   Downloaded dynasm v1.0.1
[INFO] [stderr]   Downloaded wasmer-runtime-core-near v0.17.1
[INFO] [stderr]   Downloaded borsh v0.8.2
[INFO] [stderr]   Downloaded borsh-derive-internal v0.8.2
[INFO] [stderr]   Downloaded near-rpc-error-core v0.1.0
[INFO] [stderr]   Downloaded near-rpc-error-macro v0.1.0
[INFO] [stderr]   Downloaded near-vm-errors v3.0.0
[INFO] [stderr]   Downloaded near-runtime-utils v3.0.0
[INFO] running `Command { std: "docker" "create" "-v" "/var/lib/crater-agent-workspace/builds/worker-3/target:/opt/rustwide/target:rw,Z" "-v" "/var/lib/crater-agent-workspace/builds/worker-3/source:/opt/rustwide/workdir:ro,Z" "-v" "/var/lib/crater-agent-workspace/cargo-home:/opt/rustwide/cargo-home:ro,Z" "-v" "/var/lib/crater-agent-workspace/rustup-home:/opt/rustwide/rustup-home:ro,Z" "-e" "SOURCE_DIR=/opt/rustwide/workdir" "-e" "CARGO_TARGET_DIR=/opt/rustwide/target" "-e" "CARGO_HOME=/opt/rustwide/cargo-home" "-e" "RUSTUP_HOME=/opt/rustwide/rustup-home" "-w" "/opt/rustwide/workdir" "-m" "1610612736" "--user" "0:0" "--network" "none" "ghcr.io/rust-lang/crates-build-env/linux@sha256:20528e8c29e4536546f0102ce88568b16ea7538393a33fcca951030f7af10457" "/opt/rustwide/cargo-home/bin/cargo" "+881c1ac408d93bb7adaa3a51dabab9266e82eee8" "metadata" "--no-deps" "--format-version=1", kill_on_drop: false }`
[INFO] [stdout] 543c9b58180532fad42e852fc1834db8c6435d7fcbd1be7229b8b7a65e8bdd9e
[INFO] [stderr] WARNING: Your kernel does not support swap limit capabilities or the cgroup is not mounted. Memory limited without swap.
[INFO] running `Command { std: "docker" "start" "-a" "543c9b58180532fad42e852fc1834db8c6435d7fcbd1be7229b8b7a65e8bdd9e", kill_on_drop: false }`
[INFO] running `Command { std: "docker" "inspect" "543c9b58180532fad42e852fc1834db8c6435d7fcbd1be7229b8b7a65e8bdd9e", kill_on_drop: false }`
[INFO] running `Command { std: "docker" "rm" "-f" "543c9b58180532fad42e852fc1834db8c6435d7fcbd1be7229b8b7a65e8bdd9e", kill_on_drop: false }`
[INFO] [stdout] 543c9b58180532fad42e852fc1834db8c6435d7fcbd1be7229b8b7a65e8bdd9e
[INFO] running `Command { std: "docker" "create" "-v" "/var/lib/crater-agent-workspace/builds/worker-3/target:/opt/rustwide/target:rw,Z" "-v" "/var/lib/crater-agent-workspace/builds/worker-3/source:/opt/rustwide/workdir:ro,Z" "-v" "/var/lib/crater-agent-workspace/cargo-home:/opt/rustwide/cargo-home:ro,Z" "-v" "/var/lib/crater-agent-workspace/rustup-home:/opt/rustwide/rustup-home:ro,Z" "-e" "SOURCE_DIR=/opt/rustwide/workdir" "-e" "CARGO_TARGET_DIR=/opt/rustwide/target" "-e" "CARGO_INCREMENTAL=0" "-e" "RUST_BACKTRACE=full" "-e" "RUSTFLAGS=--cap-lints=forbid" "-e" "CARGO_HOME=/opt/rustwide/cargo-home" "-e" "RUSTUP_HOME=/opt/rustwide/rustup-home" "-w" "/opt/rustwide/workdir" "-m" "1610612736" "--user" "0:0" "--network" "none" "ghcr.io/rust-lang/crates-build-env/linux@sha256:20528e8c29e4536546f0102ce88568b16ea7538393a33fcca951030f7af10457" "/opt/rustwide/cargo-home/bin/cargo" "+881c1ac408d93bb7adaa3a51dabab9266e82eee8" "build" "--frozen" "--message-format=json", kill_on_drop: false }`
[INFO] [stdout] 6dd7f89bc07a6dbc735319295e0758c77194fd790ecd7f2e3e01a4bd557e54b2
[INFO] [stderr] WARNING: Your kernel does not support swap limit capabilities or the cgroup is not mounted. Memory limited without swap.
[INFO] running `Command { std: "docker" "start" "-a" "6dd7f89bc07a6dbc735319295e0758c77194fd790ecd7f2e3e01a4bd557e54b2", kill_on_drop: false }`
[INFO] [stderr]     Blocking waiting for file lock on package cache
[INFO] [stderr]     Blocking waiting for file lock on package cache
[INFO] [stderr]    Compiling proc-macro2 v1.0.24
[INFO] [stderr]    Compiling unicode-xid v0.2.1
[INFO] [stderr]    Compiling syn v1.0.57
[INFO] [stderr]    Compiling autocfg v1.0.1
[INFO] [stderr]    Compiling serde_derive v1.0.118
[INFO] [stderr]    Compiling serde v1.0.118
[INFO] [stderr]    Compiling typenum v1.13.0
[INFO] [stderr]    Compiling serde_json v1.0.64
[INFO] [stderr]    Compiling itoa v0.4.7
[INFO] [stderr]    Compiling memchr v2.3.4
[INFO] [stderr]    Compiling block-padding v0.2.1
[INFO] [stderr]    Compiling opaque-debug v0.3.0
[INFO] [stderr]    Compiling Inflector v0.11.4
[INFO] [stderr]    Compiling byteorder v1.3.4
[INFO] [stderr]    Compiling cpuid-bool v0.1.2
[INFO] [stderr]    Compiling lazy_static v1.4.0
[INFO] [stderr]    Compiling convert_case v0.4.0
[INFO] [stderr]    Compiling regex-syntax v0.6.23
[INFO] [stderr]    Compiling libc v0.2.90
[INFO] [stderr]    Compiling base64 v0.11.0
[INFO] [stderr]    Compiling bs58 v0.4.0
[INFO] [stderr]    Compiling keccak v0.1.0
[INFO] [stderr]    Compiling cfg-if v0.1.10
[INFO] [stderr]    Compiling crunchy v0.2.2
[INFO] [stderr]    Compiling static_assertions v1.1.0
[INFO] [stderr]    Compiling generic-array v0.14.4
[INFO] [stderr]    Compiling indexmap v1.6.2
[INFO] [stderr]    Compiling num-traits v0.2.14
[INFO] [stderr]    Compiling num-integer v0.1.44
[INFO] [stderr]    Compiling num-bigint v0.3.2
[INFO] [stderr]    Compiling num-rational v0.3.2
[INFO] [stderr]    Compiling aho-corasick v0.7.15
[INFO] [stderr]    Compiling uint v0.9.0
[INFO] [stderr]    Compiling quote v1.0.9
[INFO] [stderr]    Compiling block-buffer v0.9.0
[INFO] [stderr]    Compiling digest v0.9.0
[INFO] [stderr]    Compiling sha2 v0.9.3
[INFO] [stderr]    Compiling sha3 v0.9.1
[INFO] [stderr]    Compiling regex v1.4.5
[INFO] [stderr]    Compiling wee_alloc v0.4.5
[INFO] [stderr]    Compiling near-runtime-utils v3.0.0
[INFO] [stderr]    Compiling borsh-schema-derive-internal v0.8.2
[INFO] [stderr]    Compiling borsh-derive-internal v0.8.2
[INFO] [stderr]    Compiling near-sdk-core v3.0.0-pre.3 (https://github.com/near/near-sdk-rs.git?rev=249dacdcd3fd34bc00f0895a275f33f05cd910c1#249dacdc)
[INFO] [stderr]    Compiling near-sdk-core v3.0.0 (https://github.com/near/near-sdk-rs.git?tag=contract_cache_v0#abc9286d)
[INFO] [stderr]    Compiling derive_more v0.99.13
[INFO] [stderr]    Compiling near-sdk-macros v3.0.0-pre.3 (https://github.com/near/near-sdk-rs.git?rev=249dacdcd3fd34bc00f0895a275f33f05cd910c1#249dacdc)
[INFO] [stderr]    Compiling near-sdk-macros v3.0.0 (https://github.com/near/near-sdk-rs.git?tag=contract_cache_v0#abc9286d)
[INFO] [stderr]    Compiling toml v0.5.8
[INFO] [stderr]    Compiling proc-macro-crate v0.1.5
[INFO] [stderr]    Compiling borsh-derive v0.8.2
[INFO] [stderr]    Compiling near-rpc-error-core v0.1.0
[INFO] [stderr]    Compiling near-rpc-error-macro v0.1.0
[INFO] [stderr]    Compiling borsh v0.8.2
[INFO] [stderr]    Compiling near-primitives-core v0.1.0
[INFO] [stderr]    Compiling near-vm-errors v3.0.0
[INFO] [stderr]    Compiling near-vm-logic v3.0.0
[INFO] [stderr]    Compiling near-sdk v3.0.0-pre.3 (https://github.com/near/near-sdk-rs.git?rev=249dacdcd3fd34bc00f0895a275f33f05cd910c1#249dacdc)
[INFO] [stderr]    Compiling near-sdk v3.0.0 (https://github.com/near/near-sdk-rs.git?tag=contract_cache_v0#abc9286d)
[INFO] [stderr]    Compiling near-contract-standards v3.0.0-pre.3 (https://github.com/near/near-sdk-rs.git?rev=249dacdcd3fd34bc00f0895a275f33f05cd910c1#249dacdc)
[INFO] [stderr]    Compiling oracle v0.1.0 (/opt/rustwide/workdir/oracle)
[INFO] [stderr]    Compiling token v1.0.0 (/opt/rustwide/workdir/token)
[INFO] [stdout] warning: unused import: `STORAGE_PRICE_PER_BYTE`
[INFO] [stdout]  --> oracle/src/fungible_token_receiver.rs:3:24
[INFO] [stdout]   |
[INFO] [stdout] 3 | use storage_manager::{ STORAGE_PRICE_PER_BYTE };
[INFO] [stdout]   |                        ^^^^^^^^^^^^^^^^^^^^^^
[INFO] [stdout]   |
[INFO] [stdout]   = note: `#[warn(unused_imports)]` on by default
[INFO] [stdout] 
[INFO] [stdout] 
[INFO] [stdout] error[E0424]: expected value, found module `self`
[INFO] [stdout]   --> token/src/lib.rs:88:1
[INFO] [stdout]    |
[INFO] [stdout] 88 | near_contract_standards::impl_fungible_token_core!(Contract, token, on_tokens_burned);
[INFO] [stdout]    | ^^^^^^^^^^^^^^^^^^^^^^^^^^^^^^^^^^^^^^^^^^^^^^^^^^^^^^^^^^^^^^^^^^^^^^^^^^^^^^^^^^^^^^
[INFO] [stdout]    | |
[INFO] [stdout]    | `self` value is a keyword only available in methods with a `self` parameter
[INFO] [stdout]    | this function has a `self` parameter, but a macro invocation can only access identifiers it receives from parameters
[INFO] [stdout]    |
[INFO] [stdout]    = note: this error originates in a macro (in Nightly builds, run with -Z macro-backtrace for more info)
[INFO] [stdout] 
[INFO] [stdout] 
[INFO] [stdout] error[E0425]: cannot find value `sender_id` in this scope
[INFO] [stdout]   --> token/src/lib.rs:88:1
[INFO] [stdout]    |
[INFO] [stdout] 88 | near_contract_standards::impl_fungible_token_core!(Contract, token, on_tokens_burned);
[INFO] [stdout]    | ^^^^^^^^^^^^^^^^^^^^^^^^^^^^^^^^^^^^^^^^^^^^^^^^^^^^^^^^^^^^^^^^^^^^^^^^^^^^^^^^^^^^^^ not found in this scope
[INFO] [stdout]    |
[INFO] [stdout]    = note: this error originates in a macro (in Nightly builds, run with -Z macro-backtrace for more info)
[INFO] [stdout] 
[INFO] [stdout] 
[INFO] [stdout] error[E0425]: cannot find value `burned_amount` in this scope
[INFO] [stdout]   --> token/src/lib.rs:88:1
[INFO] [stdout]    |
[INFO] [stdout] 88 | near_contract_standards::impl_fungible_token_core!(Contract, token, on_tokens_burned);
[INFO] [stdout]    | ^^^^^^^^^^^^^^^^^^^^^^^^^^^^^^^^^^^^^^^^^^^^^^^^^^^^^^^^^^^^^^^^^^^^^^^^^^^^^^^^^^^^^^ not found in this scope
[INFO] [stdout]    |
[INFO] [stdout]    = note: this error originates in a macro (in Nightly builds, run with -Z macro-backtrace for more info)
[INFO] [stdout] 
[INFO] [stdout] 
[INFO] [stdout] error[E0424]: expected value, found module `self`
[INFO] [stdout]   --> token/src/lib.rs:89:1
[INFO] [stdout]    |
[INFO] [stdout] 89 | near_contract_standards::impl_fungible_token_storage!(Contract, token, on_account_closed);
[INFO] [stdout]    | ^^^^^^^^^^^^^^^^^^^^^^^^^^^^^^^^^^^^^^^^^^^^^^^^^^^^^^^^^^^^^^^^^^^^^^^^^^^^^^^^^^^^^^^^^^
[INFO] [stdout]    | |
[INFO] [stdout]    | `self` value is a keyword only available in methods with a `self` parameter
[INFO] [stdout]    | this function has a `self` parameter, but a macro invocation can only access identifiers it receives from parameters
[INFO] [stdout]    |
[INFO] [stdout]    = note: this error originates in a macro (in Nightly builds, run with -Z macro-backtrace for more info)
[INFO] [stdout] 
[INFO] [stdout] 
[INFO] [stdout] error[E0425]: cannot find value `account_id` in this scope
[INFO] [stdout]   --> token/src/lib.rs:89:1
[INFO] [stdout]    |
[INFO] [stdout] 89 | near_contract_standards::impl_fungible_token_storage!(Contract, token, on_account_closed);
[INFO] [stdout]    | ^^^^^^^^^^^^^^^^^^^^^^^^^^^^^^^^^^^^^^^^^^^^^^^^^^^^^^^^^^^^^^^^^^^^^^^^^^^^^^^^^^^^^^^^^^ not found in this scope
[INFO] [stdout]    |
[INFO] [stdout]    = note: this error originates in a macro (in Nightly builds, run with -Z macro-backtrace for more info)
[INFO] [stdout] 
[INFO] [stdout] 
[INFO] [stdout] error[E0425]: cannot find value `balance` in this scope
[INFO] [stdout]   --> token/src/lib.rs:89:1
[INFO] [stdout]    |
[INFO] [stdout] 89 | near_contract_standards::impl_fungible_token_storage!(Contract, token, on_account_closed);
[INFO] [stdout]    | ^^^^^^^^^^^^^^^^^^^^^^^^^^^^^^^^^^^^^^^^^^^^^^^^^^^^^^^^^^^^^^^^^^^^^^^^^^^^^^^^^^^^^^^^^^ not found in this scope
[INFO] [stdout]    |
[INFO] [stdout]    = note: this error originates in a macro (in Nightly builds, run with -Z macro-backtrace for more info)
[INFO] [stdout] 
[INFO] [stdout] 
[INFO] [stdout] error: aborting due to 6 previous errors
[INFO] [stdout] 
[INFO] [stdout] 
[INFO] [stdout] Some errors have detailed explanations: E0424, E0425.
[INFO] [stdout] 
[INFO] [stdout] For more information about an error, try `rustc --explain E0424`.
[INFO] [stdout] 
[INFO] [stderr] error: could not compile `token`
[INFO] [stderr] 
[INFO] [stderr] To learn more, run the command again with --verbose.
[INFO] [stderr] warning: build failed, waiting for other jobs to finish...
[INFO] [stdout] warning: 1 warning emitted
[INFO] [stdout] 
[INFO] [stdout] 
[INFO] [stderr] error: build failed
[INFO] running `Command { std: "docker" "inspect" "6dd7f89bc07a6dbc735319295e0758c77194fd790ecd7f2e3e01a4bd557e54b2", kill_on_drop: false }`
[INFO] running `Command { std: "docker" "rm" "-f" "6dd7f89bc07a6dbc735319295e0758c77194fd790ecd7f2e3e01a4bd557e54b2", kill_on_drop: false }`
[INFO] [stdout] 6dd7f89bc07a6dbc735319295e0758c77194fd790ecd7f2e3e01a4bd557e54b2
